{"id":8644,"date":"2026-03-10T09:37:23","date_gmt":"2026-03-10T09:37:23","guid":{"rendered":"https:\/\/indeedtraining.in\/whiteislandcharter\/?page_id=8644"},"modified":"2026-03-10T11:34:42","modified_gmt":"2026-03-10T11:34:42","slug":"algemene-voorwaarden","status":"publish","type":"page","link":"https:\/\/indeedtraining.in\/whiteislandcharter\/nl\/algemene-voorwaarden\/","title":{"rendered":"Algemene voorwaarden"},"content":{"rendered":"\t\t<div data-elementor-type=\"wp-page\" data-elementor-id=\"8644\" class=\"elementor elementor-8644\" data-elementor-post-type=\"page\">\n\t\t\t\t<div class=\"elementor-element elementor-element-34a084e e-flex e-con-boxed e-con e-parent\" data-id=\"34a084e\" data-element_type=\"container\" data-e-type=\"container\" data-settings=\"{&quot;jet_parallax_layout_list&quot;:[]}\">\n\t\t\t\t\t<div class=\"e-con-inner\">\n\t\t<div class=\"elementor-element elementor-element-d3fb39a e-con-full e-flex e-con e-child\" data-id=\"d3fb39a\" data-element_type=\"container\" data-e-type=\"container\" data-settings=\"{&quot;jet_parallax_layout_list&quot;:[]}\">\n\t\t\t\t<div class=\"elementor-element elementor-element-693b737 elementor-widget elementor-widget-text-editor\" data-id=\"693b737\" data-element_type=\"widget\" data-e-type=\"widget\" data-widget_type=\"text-editor.default\">\n\t\t\t\t<div class=\"elementor-widget-container\">\n\t\t\t\t\t\t\t\t\t<h1>Algemene Voorwaarden &#038; Annuleringsbeleid<\/h1>\nDeze Algemene Voorwaarden regelen de contractuele relatie tussen <strong>Guillermo Bernal Pike<\/strong>,\nhandelend onder de commerci\u00eble naam <strong>White Island Charter<\/strong> (hierna \u201cWhite Island Charter\u201d, \u201cwij\u201d, \u201cons\u201d of \u201conze\u201d),\nen de klant (hierna \u201cde Klant\u201d, \u201cu\u201d of \u201cuw\u201d) voor alle bootcharterdiensten die worden geregeld via onze\nwebsite <a href=\"https:\/\/whiteislandcharter.com\/nl\/\" target=\"_blank\">whiteislandcharter.com<\/a> of via andere communicatiemiddelen.\n\nDoor een boeking te voltooien bevestigt de Klant dat hij\/zij deze voorwaarden volledig heeft gelezen,\nbegrepen en geaccepteerd namens zichzelf en alle passagiers die in de reservering zijn opgenomen.\n\n<h2>1. Juridische Status van de Vaartuigen<\/h2>\nAlle vaartuigen die via White Island Charter worden aangeboden beschikken over een geldige charterlicentie,\nhebben een verplichte aansprakelijkheidsverzekering en zijn uitgerust met alle veiligheidsuitrusting\ndie vereist is volgens de huidige Spaanse maritieme wetgeving.\n\nSommige vaartuigen in onze vloot kunnen eigendom zijn van onafhankelijke derden die opereren onder\nhun eigen chartervergunningen. In dat geval worden de specifieke voorwaarden voor elk vaartuig\nvermeld in het individuele specificatieblad. De Klant is verantwoordelijk voor het controleren van\ndeze voorwaarden v\u00f3\u00f3r vertrek; onbekendheid met deze voorwaarden ontslaat de Klant niet van naleving.\n\n<h2>2. Bevestiging van de Boekings<\/h2>\nEen boeking wordt alleen als bevestigd beschouwd wanneer aan de volgende twee voorwaarden tegelijk is voldaan:\n<ul>\n<li>White Island Charter een aanbetaling heeft ontvangen van <strong>50% van de totale charterprijs<\/strong>; en<\/li>\n<li>Een schriftelijke bevestiging is verstrekt door White Island Charter (via e-mail of andere gedocumenteerde middelen).<\/li>\n<\/ul>\n\nTotdat aan beide voorwaarden is voldaan, is beschikbaarheid niet gegarandeerd en ontstaat er geen contractuele verplichting voor een van beide partijen.\n\n<h2>3. Betalingsvoorwaarden en Methoden<\/h2>\n\n<h3>Betalingsschema<\/h3>\n<ul>\n<li>50% van de totale charterprijs dient bij boeking te worden betaald om de reservering te bevestigen.<\/li>\n<li>De resterende 50% moet volledig worden betaald v\u00f3\u00f3r inscheping. Onder geen enkele omstandigheid mag de Klant aan boord gaan met een openstaand saldo.<\/li>\n<\/ul>\n\n<h3>Geaccepteerde betaalmethoden<\/h3>\nAlle bedragen zijn uitgedrukt in euro (\u20ac) en dienen in euro te worden betaald. De volgende betaalmethoden worden geaccepteerd:\n\n<ul>\n<li>Bankoverschrijving (geen toeslag).<\/li>\n<li>Betalingslink \u2013 onderhevig aan een verwerkingskosten van 2\u20133%, afhankelijk van de provider.<\/li>\n<li>Creditcard of debetkaart (Visa, MasterCard) \u2013 geen toeslag.<\/li>\n<li>American Express \u2013 onderhevig aan een toeslag van 2,5%.<\/li>\n<li>Contant \u2013 alleen geaccepteerd na voorafgaande schriftelijke overeenkomst.<\/li>\n<\/ul>\n\nWhite Island Charter behoudt zich het recht voor om geaccepteerde betaalmethoden en toepasselijke toeslagen\nop elk moment te wijzigen. Eventuele wijzigingen worden aan de Klant gecommuniceerd voordat betaling verschuldigd is.\n\n<h2>4. Charterprijs<\/h2>\n\n<h3>Inbegrepen in de prijs<\/h3>\nTenzij anders uitdrukkelijk vermeld in de boekingsbevestiging, omvat de charterprijs:\n\n<ul>\n<li>Huur van het vaartuig voor de overeengekomen duur (standaard charter: 8 uur).<\/li>\n<li>Ligplaats in de basishaven van het vaartuig gedurende de charterperiode.<\/li>\n<li>Cascoverzekering en aansprakelijkheidsverzekering voor het vaartuig.<\/li>\n<li>Standaard schoonmaak na de charter.<\/li>\n<li>Hoffelijkheidsuitrusting en voorzieningen zoals vermeld in het specificatieblad van het vaartuig.<\/li>\n<\/ul>\n\n<h3>Niet inbegrepen in de prijs<\/h3>\n\n<ul>\n<li>Brandstof (zie Sectie 5 hieronder).<\/li>\n<li>Professionele schipperdiensten, tenzij specifiek inbegrepen in de boekingsbevestiging.<\/li>\n<li>Ligplaats- of havengelden in andere havens dan de basishaven van het vaartuig.<\/li>\n<li>Extra diensten, aanvullingen of verbruiksartikelen die niet in de boekingsbevestiging zijn vermeld.<\/li>\n<\/ul>\n\n<h2>5. Brandstof<\/h2>\nTenzij in de boekingsbevestiging uitdrukkelijk wordt vermeld dat brandstof is inbegrepen, zijn alle brandstofkosten volledig voor rekening van de Klant.\n\nHet brandstofverbruik wordt aan het einde van de charter afgerekend volgens het meetsysteem dat op het vaartuig is ge\u00efnstalleerd (brandstofmeter, flowmeter of bijvullen van de tank). Het toepasselijke brandstoftarief wordt v\u00f3\u00f3r vertrek aan de Klant gecommuniceerd.\n\n<h2>6. Schipper en Borg<\/h2>\n\n<h3>Vereiste schipper<\/h3>\nSommige vaartuigen in onze vloot moeten worden bestuurd door een professionele schipper die door White Island Charter wordt geleverd.\n\nAndere vaartuigen kunnen zonder schipper worden gecharterd, mits de Klant beschikt over een geldige vaarlicentie die in Spanje wordt erkend en geschikt is voor de categorie van het vaartuig en het navigatiegebied.\n\nHet is de verantwoordelijkheid van de Klant om de originele licentie v\u00f3\u00f3r vertrek te tonen. White Island Charter behoudt zich het recht voor om een vaartuig niet over te dragen indien de Klant geen geldige en voldoende licentie kan tonen.\n\n<h3>Borgsom<\/h3>\nEen borgsom is verplicht voor alle bareboat-charters (zonder schipper). Het borgbedrag wordt per vaartuig gespecificeerd in het specificatieblad en moet worden betaald of vooraf worden geautoriseerd voordat het vaartuig wordt overgedragen.\n\nDe borg wordt volledig terugbetaald na een succesvolle inspectie na de charter, waarbij wordt bevestigd dat het vaartuig in dezelfde staat is teruggebracht als waarin het werd geleverd, zonder schade, ontbrekende uitrusting of openstaande kosten.\n\nKosten als gevolg van schade, extra schoonmaak, ontbrekende items of andere niet-gedekte kosten worden van de borg afgetrokken. Indien deze kosten hoger zijn dan het borgbedrag, is de Klant verantwoordelijk voor het verschil.\n\n<h2>7. Charterduur en Schema<\/h2>\nDe standaard charterduur is 8 uur, meestal van 10:00 tot 18:00 uur of van 12:00 tot 20:00 uur,\nen moet altijd binnen daglichturen vallen overeenkomstig de voorwaarden van de charterlicentie van het vaartuig.\n\nVerlengingen buiten de overeengekomen duur zijn alleen mogelijk na voorafgaande goedkeuring van White Island Charter, afhankelijk van beschikbaarheid van het vaartuig en tegen een extra tijdsgebonden toeslag die vooraf aan de Klant wordt gecommuniceerd.\n\n<h2>8. Basishaven en Ligplaats<\/h2>\nElk vaartuig heeft een aangewezen basishaven en de kosten voor ligplaats in deze haven zijn inbegrepen in de charterprijs.\n\nHet vaartuig moet vertrekken vanuit en terugkeren naar de basishaven, tenzij schriftelijk anders is overeengekomen.\n\nEventuele ligplaats-, aanleg- of havengelden die tijdens de charter worden gemaakt op andere locaties dan de basishaven zijn niet inbegrepen in de prijs en zijn volledig voor rekening van de Klant.\n\n<h2>9. Maximale Passagierscapaciteit<\/h2>\nVolgens de Spaanse maritieme regelgeving is het maximum aantal passagiers aan boord van recreatieve chartervaartuigen\n<strong>12 personen (exclusief bemanning)<\/strong>.\n\n<h2>10. Aanvullende Diensten<\/h2>\nWhite Island Charter kan op verzoek aanvullende diensten organiseren, waaronder maar niet beperkt tot catering,\nwaterspeelgoed, transfers, restaurantreserveringen en entertainment aan boord.\n\n<h2>11. Annuleringsbeleid<\/h2>\nAlle annuleringen moeten schriftelijk worden ingediend via <a href=\"https:\/\/whiteislandcharter.com\/nl\/\" target=\"_blank\">whiteislandcharter.com<\/a>\n\n<h3>11.1 Dagcharters (zonder overnachting)<\/h3>\n\n<table style=\"width:100%; border-collapse:collapse;\" border=\"1\" cellspacing=\"0\" cellpadding=\"8\">\n<thead style=\"background-color:#243a55; color:#ffffff;\">\n<tr>\n<th style=\"text-align:left;\">Annuleringstermijn<\/th>\n<th style=\"text-align:left;\">Annuleringskosten<\/th>\n<\/tr>\n<\/thead>\n<tbody>\n<tr style=\"background-color:#eef2f6;\">\n<td>Meer dan 30 dagen v\u00f3\u00f3r de charterdatum<\/td>\n<td>25% van de totale charterprijs<\/td>\n<\/tr>\n<tr style=\"background-color:#dfe5ec;\">\n<td>Tussen 30 en 7 dagen v\u00f3\u00f3r de charterdatum<\/td>\n<td>50% van de totale charterprijs<\/td>\n<\/tr>\n<tr style=\"background-color:#eef2f6;\">\n<td>Minder dan 7 dagen v\u00f3\u00f3r de charterdatum (of no-show)<\/td>\n<td>100% van de totale charterprijs<\/td>\n<\/tr>\n<\/tbody>\n<\/table>\n\n<h3>11.2 Charters met overnachting<\/h3>\n\n<table style=\"width:100%; border-collapse:collapse;\" border=\"1\" cellspacing=\"0\" cellpadding=\"8\">\n<thead style=\"background-color:#243a55; color:#ffffff;\">\n<tr>\n<th style=\"text-align:left;\">Annuleringstermijn<\/th>\n<th style=\"text-align:left;\">Annuleringskosten<\/th>\n<\/tr>\n<\/thead>\n<tbody>\n<tr style=\"background-color:#eef2f6;\">\n<td>Meer dan 60 dagen v\u00f3\u00f3r de charterdatum<\/td>\n<td>25% van de totale charterprijs<\/td>\n<\/tr>\n<tr style=\"background-color:#dfe5ec;\">\n<td>Tussen 60 en 30 dagen v\u00f3\u00f3r de charterdatum<\/td>\n<td>50% van de totale charterprijs<\/td>\n<\/tr>\n<tr style=\"background-color:#eef2f6;\">\n<td>Minder dan 30 dagen v\u00f3\u00f3r de charterdatum (of no-show)<\/td>\n<td>100% van de totale charterprijs<\/td>\n<\/tr>\n<\/tbody>\n<\/table>\n\n<h2>12. Te Late Aankomst en No-Show<\/h2>\nAls de Klant niet binnen 60 minuten na de geplande vertrektijd arriveert,\nkan de charter worden beschouwd als een no-show.\n\n<h2>13. Verantwoordelijkheden en Gedrag van de Klant<\/h2>\nDe Klant en alle passagiers stemmen ermee in om veiligheidsinstructies en maritieme wetten te volgen.\n\n<h2>14. Beperking van Aansprakelijkheid<\/h2>\nDe aansprakelijkheid van White Island Charter is beperkt tot de totale charterprijs die door de Klant is betaald.\n\n<h2>15. Overmacht<\/h2>\nWhite Island Charter kan niet aansprakelijk worden gesteld voor vertragingen veroorzaakt door omstandigheden buiten haar controle.\n\n<h2>16. Toepasselijk Recht en Jurisdictie<\/h2>\nDeze voorwaarden vallen onder het recht van Spanje.\n\n<h2>17. Acceptatie<\/h2>\nDoor een boeking te voltooien bevestigt de Klant de acceptatie van deze Algemene Voorwaarden.\n\n<h3>Vragen over deze voorwaarden?<\/h3>\nNeem gerust contact met ons op:\n\n<ul>\n<li><strong>Email:<\/strong> <a href=\"mailto:info@whiteislandcharter.com\">info@whiteislandcharter.com<\/a><\/li>\n<li><strong>Phone:<\/strong> <a href=\"tel:+34686490285\">+34 686 490 285<\/a><\/li>\n<li><strong>Website:<\/strong> <a href=\"https:\/\/whiteislandcharter.com\/nl\/\" target=\"_blank\">whiteislandcharter.com<\/a><\/li>\n<\/ul>\t\t\t\t\t\t\t\t<\/div>\n\t\t\t\t<\/div>\n\t\t\t\t<\/div>\n\t\t\t\t\t<\/div>\n\t\t\t\t<\/div>\n\t\t\t\t<\/div>\n\t\t","protected":false},"excerpt":{"rendered":"<p>Algemene Voorwaarden &#038; Annuleringsbeleid Deze Algemene Voorwaarden regelen de contractuele relatie tussen Guillermo Bernal Pike, handelend onder de commerci\u00eble naam White Island Charter (hierna \u201cWhite Island Charter\u201d, \u201cwij\u201d, \u201cons\u201d of \u201conze\u201d), en de klant (hierna \u201cde Klant\u201d, \u201cu\u201d of \u201cuw\u201d) voor alle bootcharterdiensten die worden geregeld via onze website whiteislandcharter.com of via andere communicatiemiddelen. Door [&hellip;]<\/p>\n","protected":false},"author":2,"featured_media":0,"parent":0,"menu_order":0,"comment_status":"closed","ping_status":"closed","template":"","meta":{"_acf_changed":false,"footnotes":""},"class_list":["post-8644","page","type-page","status-publish","hentry"],"acf":[],"yoast_head":"<!-- This site is optimized with the Yoast SEO plugin v27.0 - https:\/\/yoast.com\/product\/yoast-seo-wordpress\/ -->\n<title>Algemene voorwaarden - White Island<\/title>\n<meta name=\"robots\" content=\"noindex, follow, max-snippet:-1, max-image-preview:large, max-video-preview:-1\" \/>\n<meta property=\"og:locale\" content=\"es_ES\" \/>\n<meta property=\"og:type\" content=\"article\" \/>\n<meta property=\"og:title\" content=\"Algemene voorwaarden - White Island\" \/>\n<meta property=\"og:description\" content=\"Algemene Voorwaarden &#038; Annuleringsbeleid Deze Algemene Voorwaarden regelen de contractuele relatie tussen Guillermo Bernal Pike, handelend onder de commerci\u00eble naam White Island Charter (hierna \u201cWhite Island Charter\u201d, \u201cwij\u201d, \u201cons\u201d of \u201conze\u201d), en de klant (hierna \u201cde Klant\u201d, \u201cu\u201d of \u201cuw\u201d) voor alle bootcharterdiensten die worden geregeld via onze website whiteislandcharter.com of via andere communicatiemiddelen. Door [&hellip;]\" \/>\n<meta property=\"og:url\" content=\"https:\/\/indeedtraining.in\/whiteislandcharter\/nl\/algemene-voorwaarden\/\" \/>\n<meta property=\"og:site_name\" content=\"White Island\" \/>\n<meta property=\"article:modified_time\" content=\"2026-03-10T11:34:42+00:00\" \/>\n<meta name=\"twitter:card\" content=\"summary_large_image\" \/>\n<meta name=\"twitter:label1\" content=\"Tiempo de lectura\" \/>\n\t<meta name=\"twitter:data1\" content=\"6 minutos\" \/>\n<script type=\"application\/ld+json\" class=\"yoast-schema-graph\">{\"@context\":\"https:\/\/schema.org\",\"@graph\":[{\"@type\":\"WebPage\",\"@id\":\"https:\/\/indeedtraining.in\/whiteislandcharter\/nl\/algemene-voorwaarden\/\",\"url\":\"https:\/\/indeedtraining.in\/whiteislandcharter\/nl\/algemene-voorwaarden\/\",\"name\":\"Algemene voorwaarden - White Island\",\"isPartOf\":{\"@id\":\"https:\/\/indeedtraining.in\/whiteislandcharter\/#website\"},\"datePublished\":\"2026-03-10T09:37:23+00:00\",\"dateModified\":\"2026-03-10T11:34:42+00:00\",\"breadcrumb\":{\"@id\":\"https:\/\/indeedtraining.in\/whiteislandcharter\/nl\/algemene-voorwaarden\/#breadcrumb\"},\"inLanguage\":\"es\",\"potentialAction\":[{\"@type\":\"ReadAction\",\"target\":[\"https:\/\/indeedtraining.in\/whiteislandcharter\/nl\/algemene-voorwaarden\/\"]}]},{\"@type\":\"BreadcrumbList\",\"@id\":\"https:\/\/indeedtraining.in\/whiteislandcharter\/nl\/algemene-voorwaarden\/#breadcrumb\",\"itemListElement\":[{\"@type\":\"ListItem\",\"position\":1,\"name\":\"Portada\",\"item\":\"https:\/\/indeedtraining.in\/whiteislandcharter\/\"},{\"@type\":\"ListItem\",\"position\":2,\"name\":\"Algemene voorwaarden\"}]},{\"@type\":\"WebSite\",\"@id\":\"https:\/\/indeedtraining.in\/whiteislandcharter\/#website\",\"url\":\"https:\/\/indeedtraining.in\/whiteislandcharter\/\",\"name\":\"White Island\",\"description\":\"Boat rental in IBIZA\",\"potentialAction\":[{\"@type\":\"SearchAction\",\"target\":{\"@type\":\"EntryPoint\",\"urlTemplate\":\"https:\/\/indeedtraining.in\/whiteislandcharter\/?s={search_term_string}\"},\"query-input\":{\"@type\":\"PropertyValueSpecification\",\"valueRequired\":true,\"valueName\":\"search_term_string\"}}],\"inLanguage\":\"es\"}]}<\/script>\n<!-- \/ Yoast SEO plugin. -->","yoast_head_json":{"title":"Algemene voorwaarden - White Island","robots":{"index":"noindex","follow":"follow","max-snippet":"max-snippet:-1","max-image-preview":"max-image-preview:large","max-video-preview":"max-video-preview:-1"},"og_locale":"es_ES","og_type":"article","og_title":"Algemene voorwaarden - White Island","og_description":"Algemene Voorwaarden &#038; Annuleringsbeleid Deze Algemene Voorwaarden regelen de contractuele relatie tussen Guillermo Bernal Pike, handelend onder de commerci\u00eble naam White Island Charter (hierna \u201cWhite Island Charter\u201d, \u201cwij\u201d, \u201cons\u201d of \u201conze\u201d), en de klant (hierna \u201cde Klant\u201d, \u201cu\u201d of \u201cuw\u201d) voor alle bootcharterdiensten die worden geregeld via onze website whiteislandcharter.com of via andere communicatiemiddelen. Door [&hellip;]","og_url":"https:\/\/indeedtraining.in\/whiteislandcharter\/nl\/algemene-voorwaarden\/","og_site_name":"White Island","article_modified_time":"2026-03-10T11:34:42+00:00","twitter_card":"summary_large_image","twitter_misc":{"Tiempo de lectura":"6 minutos"},"schema":{"@context":"https:\/\/schema.org","@graph":[{"@type":"WebPage","@id":"https:\/\/indeedtraining.in\/whiteislandcharter\/nl\/algemene-voorwaarden\/","url":"https:\/\/indeedtraining.in\/whiteislandcharter\/nl\/algemene-voorwaarden\/","name":"Algemene voorwaarden - White Island","isPartOf":{"@id":"https:\/\/indeedtraining.in\/whiteislandcharter\/#website"},"datePublished":"2026-03-10T09:37:23+00:00","dateModified":"2026-03-10T11:34:42+00:00","breadcrumb":{"@id":"https:\/\/indeedtraining.in\/whiteislandcharter\/nl\/algemene-voorwaarden\/#breadcrumb"},"inLanguage":"es","potentialAction":[{"@type":"ReadAction","target":["https:\/\/indeedtraining.in\/whiteislandcharter\/nl\/algemene-voorwaarden\/"]}]},{"@type":"BreadcrumbList","@id":"https:\/\/indeedtraining.in\/whiteislandcharter\/nl\/algemene-voorwaarden\/#breadcrumb","itemListElement":[{"@type":"ListItem","position":1,"name":"Portada","item":"https:\/\/indeedtraining.in\/whiteislandcharter\/"},{"@type":"ListItem","position":2,"name":"Algemene voorwaarden"}]},{"@type":"WebSite","@id":"https:\/\/indeedtraining.in\/whiteislandcharter\/#website","url":"https:\/\/indeedtraining.in\/whiteislandcharter\/","name":"White Island","description":"Boat rental in IBIZA","potentialAction":[{"@type":"SearchAction","target":{"@type":"EntryPoint","urlTemplate":"https:\/\/indeedtraining.in\/whiteislandcharter\/?s={search_term_string}"},"query-input":{"@type":"PropertyValueSpecification","valueRequired":true,"valueName":"search_term_string"}}],"inLanguage":"es"}]}},"_links":{"self":[{"href":"https:\/\/indeedtraining.in\/whiteislandcharter\/wp-json\/wp\/v2\/pages\/8644","targetHints":{"allow":["GET"]}}],"collection":[{"href":"https:\/\/indeedtraining.in\/whiteislandcharter\/wp-json\/wp\/v2\/pages"}],"about":[{"href":"https:\/\/indeedtraining.in\/whiteislandcharter\/wp-json\/wp\/v2\/types\/page"}],"author":[{"embeddable":true,"href":"https:\/\/indeedtraining.in\/whiteislandcharter\/wp-json\/wp\/v2\/users\/2"}],"replies":[{"embeddable":true,"href":"https:\/\/indeedtraining.in\/whiteislandcharter\/wp-json\/wp\/v2\/comments?post=8644"}],"version-history":[{"count":17,"href":"https:\/\/indeedtraining.in\/whiteislandcharter\/wp-json\/wp\/v2\/pages\/8644\/revisions"}],"predecessor-version":[{"id":8788,"href":"https:\/\/indeedtraining.in\/whiteislandcharter\/wp-json\/wp\/v2\/pages\/8644\/revisions\/8788"}],"wp:attachment":[{"href":"https:\/\/indeedtraining.in\/whiteislandcharter\/wp-json\/wp\/v2\/media?parent=8644"}],"curies":[{"name":"wp","href":"https:\/\/api.w.org\/{rel}","templated":true}]}}