{"id":5764,"date":"2025-06-27T09:22:49","date_gmt":"2025-06-27T09:22:49","guid":{"rendered":"https:\/\/whiteislandcharter.com\/?page_id=5764"},"modified":"2026-02-06T13:34:32","modified_gmt":"2026-02-06T13:34:32","slug":"contactez-nous","status":"publish","type":"page","link":"https:\/\/indeedtraining.in\/whiteislandcharter\/fr\/contactez-nous\/","title":{"rendered":"Contactez-nous"},"content":{"rendered":"\t\t<div data-elementor-type=\"wp-page\" data-elementor-id=\"5764\" class=\"elementor elementor-5764\" data-elementor-post-type=\"page\">\n\t\t\t\t<div class=\"elementor-element elementor-element-ac61f09 e-flex e-con-boxed e-con e-parent\" data-id=\"ac61f09\" data-element_type=\"container\" data-e-type=\"container\" data-settings=\"{&quot;jet_parallax_layout_list&quot;:[]}\">\n\t\t\t\t\t<div class=\"e-con-inner\">\n\t\t<div class=\"elementor-element elementor-element-13f0c71 e-con-full e-flex e-con e-child\" data-id=\"13f0c71\" data-element_type=\"container\" data-e-type=\"container\" data-settings=\"{&quot;jet_parallax_layout_list&quot;:[]}\">\n\t\t\t\t<div class=\"elementor-element elementor-element-72cfd19 elementor-widget elementor-widget-heading\" data-id=\"72cfd19\" data-element_type=\"widget\" data-e-type=\"widget\" data-widget_type=\"heading.default\">\n\t\t\t\t<div class=\"elementor-widget-container\">\n\t\t\t\t\t<h2 class=\"elementor-heading-title elementor-size-default\">Parlons-en?\n<\/h2>\t\t\t\t<\/div>\n\t\t\t\t<\/div>\n\t\t\t\t<div class=\"elementor-element elementor-element-1f3ab11 elementor-widget elementor-widget-text-editor\" data-id=\"1f3ab11\" data-element_type=\"widget\" data-e-type=\"widget\" data-widget_type=\"text-editor.default\">\n\t\t\t\t<div class=\"elementor-widget-container\">\n\t\t\t\t\t\t\t\t\t<p>Envie d&#8217;une aventure nautique inoubliable ? Des questions sur nos services de location de bateaux ou besoin de plus d&#8217;informations sur nos bateaux disponibles ? Quoi qu&#8217;il en soit, nous sommes l\u00e0 pour vous aider !<\/p><p>Pour nous contacter directement, remplissez simplement le formulaire ci-dessous et nous vous r\u00e9pondrons dans les plus brefs d\u00e9lais. Notre \u00e9quipe de passionn\u00e9s de navigation exp\u00e9riment\u00e9s se fera un plaisir de r\u00e9pondre \u00e0 vos questions et de vous accompagner au mieux.<\/p><p>N&#8217;h\u00e9sitez pas \u00e0 nous contacter et commencez d\u00e8s aujourd&#8217;hui \u00e0 planifier votre croisi\u00e8re de r\u00eave. \u00c0 bient\u00f4t !<\/p>\t\t\t\t\t\t\t\t<\/div>\n\t\t\t\t<\/div>\n\t\t\t\t<div class=\"elementor-element elementor-element-a5e7b30 elementor-view-stacked elementor-position-inline-start elementor-shape-circle elementor-mobile-position-block-start elementor-widget elementor-widget-icon-box\" data-id=\"a5e7b30\" data-element_type=\"widget\" data-e-type=\"widget\" data-widget_type=\"icon-box.default\">\n\t\t\t\t<div class=\"elementor-widget-container\">\n\t\t\t\t\t\t\t<div class=\"elementor-icon-box-wrapper\">\n\n\t\t\t\t\t\t<div class=\"elementor-icon-box-icon\">\n\t\t\t\t<a href=\"tel:+3468690205\" class=\"elementor-icon\" tabindex=\"-1\" aria-label=\"APPELEZ-NOUS\">\n\t\t\t\t<svg aria-hidden=\"true\" class=\"e-font-icon-svg e-fas-phone-alt\" viewBox=\"0 0 512 512\" xmlns=\"http:\/\/www.w3.org\/2000\/svg\"><path d=\"M497.39 361.8l-112-48a24 24 0 0 0-28 6.9l-49.6 60.6A370.66 370.66 0 0 1 130.6 204.11l60.6-49.6a23.94 23.94 0 0 0 6.9-28l-48-112A24.16 24.16 0 0 0 122.6.61l-104 24A24 24 0 0 0 0 48c0 256.5 207.9 464 464 464a24 24 0 0 0 23.4-18.6l24-104a24.29 24.29 0 0 0-14.01-27.6z\"><\/path><\/svg>\t\t\t\t<\/a>\n\t\t\t<\/div>\n\t\t\t\n\t\t\t\t\t\t<div class=\"elementor-icon-box-content\">\n\n\t\t\t\t\t\t\t\t\t<h3 class=\"elementor-icon-box-title\">\n\t\t\t\t\t\t<a href=\"tel:+3468690205\" >\n\t\t\t\t\t\t\tAPPELEZ-NOUS\t\t\t\t\t\t<\/a>\n\t\t\t\t\t<\/h3>\n\t\t\t\t\n\t\t\t\t\t\t\t\t\t<p class=\"elementor-icon-box-description\">\n\t\t\t\t\t\t+34 686 49 02 85\t\t\t\t\t<\/p>\n\t\t\t\t\n\t\t\t<\/div>\n\t\t\t\n\t\t<\/div>\n\t\t\t\t\t\t<\/div>\n\t\t\t\t<\/div>\n\t\t\t\t<\/div>\n\t\t<div class=\"elementor-element elementor-element-3680dd1 e-con-full e-flex e-con e-child\" data-id=\"3680dd1\" data-element_type=\"container\" data-e-type=\"container\" data-settings=\"{&quot;jet_parallax_layout_list&quot;:[]}\">\n\t\t\t\t<div class=\"elementor-element elementor-element-fde636d elementor-button-align-start elementor-widget elementor-widget-form\" data-id=\"fde636d\" data-element_type=\"widget\" data-e-type=\"widget\" data-settings=\"{&quot;step_next_label&quot;:&quot;Next&quot;,&quot;step_previous_label&quot;:&quot;Previous&quot;,&quot;button_width&quot;:&quot;100&quot;,&quot;step_type&quot;:&quot;number_text&quot;,&quot;step_icon_shape&quot;:&quot;circle&quot;}\" data-widget_type=\"form.default\">\n\t\t\t\t<div class=\"elementor-widget-container\">\n\t\t\t\t\t\t\t<form class=\"elementor-form\" method=\"post\" name=\"Contact\">\n\t\t\t<input type=\"hidden\" name=\"post_id\" value=\"5764\"\/>\n\t\t\t<input type=\"hidden\" name=\"form_id\" value=\"fde636d\"\/>\n\t\t\t<input type=\"hidden\" name=\"referer_title\" value=\"White Island\" \/>\n\n\t\t\t\n\t\t\t<div class=\"elementor-form-fields-wrapper elementor-labels-\">\n\t\t\t\t\t\t\t\t<div class=\"elementor-field-type-text elementor-field-group elementor-column elementor-field-group-name elementor-col-100 elementor-field-required\">\n\t\t\t\t\t\t\t\t\t\t\t\t<label for=\"form-field-name\" class=\"elementor-field-label elementor-screen-only\">\n\t\t\t\t\t\t\t\tNom\t\t\t\t\t\t\t<\/label>\n\t\t\t\t\t\t\t\t\t\t\t\t\t\t<input size=\"1\" type=\"text\" name=\"form_fields[name]\" id=\"form-field-name\" class=\"elementor-field elementor-size-sm  elementor-field-textual\" placeholder=\"Nom\" required=\"required\">\n\t\t\t\t\t\t\t\t\t\t\t<\/div>\n\t\t\t\t\t\t\t\t<div class=\"elementor-field-type-email elementor-field-group elementor-column elementor-field-group-email elementor-col-50 elementor-field-required\">\n\t\t\t\t\t\t\t\t\t\t\t\t<label for=\"form-field-email\" class=\"elementor-field-label elementor-screen-only\">\n\t\t\t\t\t\t\t\tE-mail\t\t\t\t\t\t\t<\/label>\n\t\t\t\t\t\t\t\t\t\t\t\t\t\t<input size=\"1\" type=\"email\" name=\"form_fields[email]\" id=\"form-field-email\" class=\"elementor-field elementor-size-sm  elementor-field-textual\" placeholder=\"E-mail\" required=\"required\">\n\t\t\t\t\t\t\t\t\t\t\t<\/div>\n\t\t\t\t\t\t\t\t<div class=\"elementor-field-type-tel elementor-field-group elementor-column elementor-field-group-field_1 elementor-col-50\">\n\t\t\t\t\t\t\t\t\t\t\t\t<label for=\"form-field-field_1\" class=\"elementor-field-label elementor-screen-only\">\n\t\t\t\t\t\t\t\tT\u00e9l\u00e9phone\t\t\t\t\t\t\t<\/label>\n\t\t\t\t\t\t\t\t<input size=\"1\" type=\"tel\" name=\"form_fields[field_1]\" id=\"form-field-field_1\" class=\"elementor-field elementor-size-sm  elementor-field-textual\" placeholder=\"T\u00e9l\u00e9phone\" pattern=\"[0-9()#&amp;+*-=.]+\" title=\"Solo se aceptan n\u00fameros y caracteres de tel\u00e9fono (#,-,*,etc).\">\n\n\t\t\t\t\t\t<\/div>\n\t\t\t\t\t\t\t\t<div class=\"elementor-field-type-textarea elementor-field-group elementor-column elementor-field-group-message elementor-col-100 elementor-field-required\">\n\t\t\t\t\t\t\t\t\t\t\t\t<label for=\"form-field-message\" class=\"elementor-field-label elementor-screen-only\">\n\t\t\t\t\t\t\t\tMessage\t\t\t\t\t\t\t<\/label>\n\t\t\t\t\t\t<textarea class=\"elementor-field-textual elementor-field  elementor-size-sm\" name=\"form_fields[message]\" id=\"form-field-message\" rows=\"7\" placeholder=\"Message\" required=\"required\"><\/textarea>\t\t\t\t<\/div>\n\t\t\t\t\t\t\t\t<div class=\"elementor-field-type-acceptance elementor-field-group elementor-column elementor-field-group-field_3 elementor-col-100 elementor-field-required\">\n\t\t\t\t\t\t\t\t\t\t\t\t<label for=\"form-field-field_3\" class=\"elementor-field-label elementor-screen-only\">\n\t\t\t\t\t\t\t\tPol\u00edtica de privacidad\t\t\t\t\t\t\t<\/label>\n\t\t\t\t\t\t\t\t<div class=\"elementor-field-subgroup\">\n\t\t\t<span class=\"elementor-field-option\">\n\t\t\t\t<input type=\"checkbox\" name=\"form_fields[field_3]\" id=\"form-field-field_3\" class=\"elementor-field elementor-size-sm  elementor-acceptance-field\" required=\"required\">\n\t\t\t\t<label for=\"form-field-field_3\">J'ai lu et j'accepte <a href=\"#\">\nla politique de confidentialit\u00e9<a><\/label>\t\t\t<\/span>\n\t\t<\/div>\n\t\t\t\t\t\t<\/div>\n\t\t\t\t\t\t\t\t<div class=\"elementor-field-group elementor-column elementor-field-type-submit elementor-col-100 e-form__buttons\">\n\t\t\t\t\t<button class=\"elementor-button elementor-size-sm\" type=\"submit\">\n\t\t\t\t\t\t<span class=\"elementor-button-content-wrapper\">\n\t\t\t\t\t\t\t\t\t\t\t\t\t\t\t<span class=\"elementor-button-icon\">\n\t\t\t\t\t\t\t\t\t<svg aria-hidden=\"true\" class=\"e-font-icon-svg e-fas-paper-plane\" viewBox=\"0 0 512 512\" xmlns=\"http:\/\/www.w3.org\/2000\/svg\"><path d=\"M476 3.2L12.5 270.6c-18.1 10.4-15.8 35.6 2.2 43.2L121 358.4l287.3-253.2c5.5-4.9 13.3 2.6 8.6 8.3L176 407v80.5c0 23.6 28.5 32.9 42.5 15.8L282 426l124.6 52.2c14.2 6 30.4-2.9 33-18.2l72-432C515 7.8 493.3-6.8 476 3.2z\"><\/path><\/svg>\t\t\t\t\t\t\t\t\t\t\t\t\t\t\t\t\t<\/span>\n\t\t\t\t\t\t\t\t\t\t\t\t\t\t\t\t\t\t\t\t\t\t<span class=\"elementor-button-text\">Envoyer<\/span>\n\t\t\t\t\t\t\t\t\t\t\t\t\t<\/span>\n\t\t\t\t\t<\/button>\n\t\t\t\t<\/div>\n\t\t\t<\/div>\n\t\t<\/form>\n\t\t\t\t\t\t<\/div>\n\t\t\t\t<\/div>\n\t\t\t\t<\/div>\n\t\t\t\t\t<\/div>\n\t\t\t\t<\/div>\n\t\t<div class=\"elementor-element elementor-element-cd72694 e-flex e-con-boxed e-con e-parent\" data-id=\"cd72694\" data-element_type=\"container\" data-e-type=\"container\" data-settings=\"{&quot;jet_parallax_layout_list&quot;:[]}\">\n\t\t\t\t\t<div class=\"e-con-inner\">\n\t\t\t\t<div class=\"elementor-element elementor-element-14d60ae elementor-widget elementor-widget-google_maps\" data-id=\"14d60ae\" data-element_type=\"widget\" data-e-type=\"widget\" data-widget_type=\"google_maps.default\">\n\t\t\t\t<div class=\"elementor-widget-container\">\n\t\t\t\t\t\t\t<div class=\"elementor-custom-embed\">\n\t\t\t<iframe loading=\"lazy\"\n\t\t\t\t\tsrc=\"https:\/\/maps.google.com\/maps?q=White%20island%20charter%20Passeig%20del%20Port%2C%2007840%20Santa%20Eul%C3%A0ria%20des%20Riu%2C%20Balearic%20Islands%2C%20Spain&#038;t=m&#038;z=12&#038;output=embed&#038;iwloc=near\"\n\t\t\t\t\ttitle=\"White island charter Passeig del Port, 07840 Santa Eul\u00e0ria des Riu, Balearic Islands, Spain\"\n\t\t\t\t\taria-label=\"White island charter Passeig del Port, 07840 Santa Eul\u00e0ria des Riu, Balearic Islands, Spain\"\n\t\t\t><\/iframe>\n\t\t<\/div>\n\t\t\t\t\t\t<\/div>\n\t\t\t\t<\/div>\n\t\t\t\t\t<\/div>\n\t\t\t\t<\/div>\n\t\t\t\t<\/div>\n\t\t","protected":false},"excerpt":{"rendered":"<p>Parlons-en? Envie d&#8217;une aventure nautique inoubliable ? Des questions sur nos services de location de bateaux ou besoin de plus d&#8217;informations sur nos bateaux disponibles ? Quoi qu&#8217;il en soit, nous sommes l\u00e0 pour vous aider ! Pour nous contacter directement, remplissez simplement le formulaire ci-dessous et nous vous r\u00e9pondrons dans les plus brefs d\u00e9lais. [&hellip;]<\/p>\n","protected":false},"author":4,"featured_media":0,"parent":0,"menu_order":0,"comment_status":"closed","ping_status":"closed","template":"","meta":{"_acf_changed":false,"footnotes":""},"class_list":["post-5764","page","type-page","status-publish","hentry"],"acf":[],"yoast_head":"<!-- This site is optimized with the Yoast SEO plugin v27.0 - https:\/\/yoast.com\/product\/yoast-seo-wordpress\/ -->\n<title>Contact Us - White Island Charter<\/title>\n<meta name=\"description\" content=\"Looking for an unforgettable boating adventure? Contact us at White Island Charter. Fill out the form, and our team will help you in planning your trip!\" \/>\n<meta name=\"robots\" content=\"noindex, follow, max-snippet:-1, max-image-preview:large, max-video-preview:-1\" \/>\n<meta property=\"og:locale\" content=\"es_ES\" \/>\n<meta property=\"og:type\" content=\"article\" \/>\n<meta property=\"og:title\" content=\"Contact Us - White Island Charter\" \/>\n<meta property=\"og:description\" content=\"Looking for an unforgettable boating adventure? Contact us at White Island Charter. Fill out the form, and our team will help you in planning your trip!\" \/>\n<meta property=\"og:url\" content=\"https:\/\/indeedtraining.in\/whiteislandcharter\/fr\/contactez-nous\/\" \/>\n<meta property=\"og:site_name\" content=\"White Island\" \/>\n<meta property=\"article:modified_time\" content=\"2026-02-06T13:34:32+00:00\" \/>\n<meta name=\"twitter:card\" content=\"summary_large_image\" \/>\n<meta name=\"twitter:label1\" content=\"Tiempo de lectura\" \/>\n\t<meta name=\"twitter:data1\" content=\"1 minuto\" \/>\n<script type=\"application\/ld+json\" class=\"yoast-schema-graph\">{\"@context\":\"https:\/\/schema.org\",\"@graph\":[{\"@type\":\"WebPage\",\"@id\":\"https:\/\/indeedtraining.in\/whiteislandcharter\/fr\/contactez-nous\/\",\"url\":\"https:\/\/indeedtraining.in\/whiteislandcharter\/fr\/contactez-nous\/\",\"name\":\"Contact Us - White Island Charter\",\"isPartOf\":{\"@id\":\"https:\/\/indeedtraining.in\/whiteislandcharter\/#website\"},\"datePublished\":\"2025-06-27T09:22:49+00:00\",\"dateModified\":\"2026-02-06T13:34:32+00:00\",\"description\":\"Looking for an unforgettable boating adventure? Contact us at White Island Charter. Fill out the form, and our team will help you in planning your trip!\",\"breadcrumb\":{\"@id\":\"https:\/\/indeedtraining.in\/whiteislandcharter\/fr\/contactez-nous\/#breadcrumb\"},\"inLanguage\":\"es\",\"potentialAction\":[{\"@type\":\"ReadAction\",\"target\":[\"https:\/\/indeedtraining.in\/whiteislandcharter\/fr\/contactez-nous\/\"]}]},{\"@type\":\"BreadcrumbList\",\"@id\":\"https:\/\/indeedtraining.in\/whiteislandcharter\/fr\/contactez-nous\/#breadcrumb\",\"itemListElement\":[{\"@type\":\"ListItem\",\"position\":1,\"name\":\"Portada\",\"item\":\"https:\/\/indeedtraining.in\/whiteislandcharter\/\"},{\"@type\":\"ListItem\",\"position\":2,\"name\":\"Contactez-nous\"}]},{\"@type\":\"WebSite\",\"@id\":\"https:\/\/indeedtraining.in\/whiteislandcharter\/#website\",\"url\":\"https:\/\/indeedtraining.in\/whiteislandcharter\/\",\"name\":\"White Island\",\"description\":\"Boat rental in IBIZA\",\"potentialAction\":[{\"@type\":\"SearchAction\",\"target\":{\"@type\":\"EntryPoint\",\"urlTemplate\":\"https:\/\/indeedtraining.in\/whiteislandcharter\/?s={search_term_string}\"},\"query-input\":{\"@type\":\"PropertyValueSpecification\",\"valueRequired\":true,\"valueName\":\"search_term_string\"}}],\"inLanguage\":\"es\"}]}<\/script>\n<!-- \/ Yoast SEO plugin. -->","yoast_head_json":{"title":"Contact Us - White Island Charter","description":"Looking for an unforgettable boating adventure? Contact us at White Island Charter. Fill out the form, and our team will help you in planning your trip!","robots":{"index":"noindex","follow":"follow","max-snippet":"max-snippet:-1","max-image-preview":"max-image-preview:large","max-video-preview":"max-video-preview:-1"},"og_locale":"es_ES","og_type":"article","og_title":"Contact Us - White Island Charter","og_description":"Looking for an unforgettable boating adventure? Contact us at White Island Charter. Fill out the form, and our team will help you in planning your trip!","og_url":"https:\/\/indeedtraining.in\/whiteislandcharter\/fr\/contactez-nous\/","og_site_name":"White Island","article_modified_time":"2026-02-06T13:34:32+00:00","twitter_card":"summary_large_image","twitter_misc":{"Tiempo de lectura":"1 minuto"},"schema":{"@context":"https:\/\/schema.org","@graph":[{"@type":"WebPage","@id":"https:\/\/indeedtraining.in\/whiteislandcharter\/fr\/contactez-nous\/","url":"https:\/\/indeedtraining.in\/whiteislandcharter\/fr\/contactez-nous\/","name":"Contact Us - White Island Charter","isPartOf":{"@id":"https:\/\/indeedtraining.in\/whiteislandcharter\/#website"},"datePublished":"2025-06-27T09:22:49+00:00","dateModified":"2026-02-06T13:34:32+00:00","description":"Looking for an unforgettable boating adventure? Contact us at White Island Charter. Fill out the form, and our team will help you in planning your trip!","breadcrumb":{"@id":"https:\/\/indeedtraining.in\/whiteislandcharter\/fr\/contactez-nous\/#breadcrumb"},"inLanguage":"es","potentialAction":[{"@type":"ReadAction","target":["https:\/\/indeedtraining.in\/whiteislandcharter\/fr\/contactez-nous\/"]}]},{"@type":"BreadcrumbList","@id":"https:\/\/indeedtraining.in\/whiteislandcharter\/fr\/contactez-nous\/#breadcrumb","itemListElement":[{"@type":"ListItem","position":1,"name":"Portada","item":"https:\/\/indeedtraining.in\/whiteislandcharter\/"},{"@type":"ListItem","position":2,"name":"Contactez-nous"}]},{"@type":"WebSite","@id":"https:\/\/indeedtraining.in\/whiteislandcharter\/#website","url":"https:\/\/indeedtraining.in\/whiteislandcharter\/","name":"White Island","description":"Boat rental in IBIZA","potentialAction":[{"@type":"SearchAction","target":{"@type":"EntryPoint","urlTemplate":"https:\/\/indeedtraining.in\/whiteislandcharter\/?s={search_term_string}"},"query-input":{"@type":"PropertyValueSpecification","valueRequired":true,"valueName":"search_term_string"}}],"inLanguage":"es"}]}},"_links":{"self":[{"href":"https:\/\/indeedtraining.in\/whiteislandcharter\/wp-json\/wp\/v2\/pages\/5764","targetHints":{"allow":["GET"]}}],"collection":[{"href":"https:\/\/indeedtraining.in\/whiteislandcharter\/wp-json\/wp\/v2\/pages"}],"about":[{"href":"https:\/\/indeedtraining.in\/whiteislandcharter\/wp-json\/wp\/v2\/types\/page"}],"author":[{"embeddable":true,"href":"https:\/\/indeedtraining.in\/whiteislandcharter\/wp-json\/wp\/v2\/users\/4"}],"replies":[{"embeddable":true,"href":"https:\/\/indeedtraining.in\/whiteislandcharter\/wp-json\/wp\/v2\/comments?post=5764"}],"version-history":[{"count":31,"href":"https:\/\/indeedtraining.in\/whiteislandcharter\/wp-json\/wp\/v2\/pages\/5764\/revisions"}],"predecessor-version":[{"id":7744,"href":"https:\/\/indeedtraining.in\/whiteislandcharter\/wp-json\/wp\/v2\/pages\/5764\/revisions\/7744"}],"wp:attachment":[{"href":"https:\/\/indeedtraining.in\/whiteislandcharter\/wp-json\/wp\/v2\/media?parent=5764"}],"curies":[{"name":"wp","href":"https:\/\/api.w.org\/{rel}","templated":true}]}}